at is the tens digit of o?
1
Suppose 3*a - q + 23 - 65 = 0, -3*a + 5*q + 54 = 0. Let n = a - 3. What is the tens digit of n?
1
Let w(o) = 3 - 4*o - 1 - 5*o**2 - o**3 + o. Let f be w(-5). Suppose 0 = -3*d - q + 13, 4*d + 5*q - f = 5*d. What is the units digit of d?
3
Suppose -2*f - 2*c + 1 + 5 = 0, -c = 2*f - 4. What is the units digit of f?
1
Suppose 7*g - 4 = 11*g. Let t(p) = -6*p**3 - 2*p - 1. What is the units digit of t(g)?
7
Let d(t) = t**3 + 5*t**2 - 6*t + 1. Suppose 4 = g, r + 0 = -2*g + 2. What is the units digit of d(r)?
1
Suppose 5*b = -2*y + 26, -3 - 7 = -y - b. Let u = y - -8. What is the units digit of u?
6
Suppose 7*w - 32 = 3*w. Let f = w + -4. What is the units digit of f?
4
Suppose 2*t + 2*h - 22 = 0, 3*t - 2*h - 19 = 34. Let s be 33/t - (-1)/(-5). Suppose 2*m = -2*y + 20, -s*m + 0 = -4*y - 2. What is the units digit of m?
7
Suppose 4*p - 8*p = 3*j - 14, 0 = 4*j - 4*p - 28. What is the units digit of j?
6
Suppose -2*j - 3*i = -5*j + 54, -2*j + 36 = -i. Suppose 4 - j = -f. What is the units digit of f?
4
Suppose 0 = -f + 44 + 61. Suppose 0 = -5*t - 3*c + 191, 9 + f = 3*t + 2*c. Suppose 4*p - t = -4*n, 0 = -p - 2 - 2. What is the tens digit of n?
1
Let g(p) = 11*p + 1. Let d be g(-2). Suppose -l + 0*l - 6 = 0. What is the tens digit of 3/l - d/2?
1
Suppose 4*t = 2*g - 7*g + 76, 2*t - 2*g - 56 = 0. What is the tens digit of (t - -5) + -2 + -1?
2
Suppose -3*g = 2*j - 310, 4*j - 3*g + 626 = 8*j. What is the units digit of j?
8
Let j(q) = -q**3 - 7*q**2 - 10*q - 6. What is the hundreds digit of j(-8)?
1
Suppose -78 = -3*h - t, 0 = 4*h - 3*t - 21 - 70. Suppose -x - h = -2*x. What is the tens digit of x?
2
Let n be -4*2/4 - -4. Suppose -b = n*b - 9. What is the units digit of b?
3
Let c be (12/14)/(4/14). Suppose -6 = -2*r, -3*j + c*r - 10 = -43. What is the units digit of j?
4
Let w(u) = 24*u**2 + 2*u + 16. What is the units digit of w(-3)?
6
Let f(l) = -l + 5. Suppose -4*o + 8 = -4*n, 3*o - 11 = -0*o + 2*n. Let q be f(o). What is the units digit of q/(-6)*(1 - -2)?
1
Let y(i) = -2 + 5 - 15*i - 2. Let v = -6 + 5. What is the tens digit of y(v)?
1
Suppose -u + 14 + 78 = 0. What is the units digit of u?
2
Suppose 12 = -3*n, -2*p - 2*p - 5*n = -60. Suppose -24*h + 216 = -p*h. What is the units digit of h?
4
Let t be ((-20)/(-4))/((-2)/(-4)). Suppose 3*x - 6 = -2*x - 3*a, -x + 5*a = t. Suppose -2*q = x, 4*j - 2*j - 24 = 5*q. What is the units digit of j?
2
Let r be 4/5*5/(-2). What is the units digit of r*(-3 + 2) + 6?
8
What is the units digit of (-1770)/(-55) + (-6)/33?
2
What is the tens digit of (1 - ((-3)/1 + 2))*13?
2
Let t = -2 + 2. Suppose -5*b + 3*s - 2 = t, 4*s - 2 = 3*b + 8. What is the units digit of b?
2
Let a(m) = -m + 6. What is the units digit of a(-2)?
8
Let r = -42 + 93. What is the units digit of r?
1
Suppose -4*x = -2*g - 0*x + 46, g = -3*x + 3. Suppose 7*i - 3*i = -32. Let u = g + i. What is the units digit of u?
7
Let j = -15 + 10. What is the units digit of 0 - j/(10/8)?
4
Let l(p) be the third derivative of -p**6/120 + p**5/20 + p**4/12 - 2*p**3/3 + p**2. Let z be l(3). Suppose -2*i = -i - z. What is the units digit of i?
2
Let g(o) = o + 91. What is the units digit of g(0)?
1
Suppose 0 = 2*q + 5*p + 10 - 4, -4*q = 2*p - 4. Suppose 3*i = -3*j + 6, q = -4*j - 14. Suppose 1 - i = -u. What is the units digit of u?
5
Suppose -77 = -5*r + 43. What is the tens digit of r?
2
Suppose 0*r - 10 = -5*r. What is the units digit of (98/21)/(r/9)?
1
Suppose -299 = 4*z - 843. What is the units digit of z?
6
Let c(s) = s - 41. Let j be c(0). What is the tens digit of j/(-4) + (-2)/8?
1
Let k(f) = -f**2 + 7*f + 1. Let b(i) = i**2 - 3*i. Let n(t) = 5*b(t) + 3*k(t). What is the units digit of n(-5)?
3
Suppose -12 = 4*x + 4. What is the units digit of (-1)/2*(-4 + x)?
4
Suppose -31 = -l + 3*g, 0 = -3*l - l + g + 91. Let k = 43 - l. What is the units digit of k?
1
Suppose 2*g - 2*r = 14 - 4, -4*r + 16 = 2*g. Let a = -5 + g. Let c(i) = 5*i**2 - i. What is the units digit of c(a)?
4
Suppose -14 - 31 = -w. Suppose 4*i - 3*s - 75 = -i, 5*s = 3*i - w. What is the units digit of i?
5
Suppose 5*v = 5*p - 8*p + 89, -4*p + 107 = -5*v. What is the tens digit of p?
2
Let x be (-2)/(-4) - 3/(-6). Let k be x/(1*(-3)/(-9)). Suppose 2*u = n - 4*n + k, -2*n + 5*u + 2 = 0. What is the units digit of n?
1
Let w(m) = m**3 - 2*m - 1. Let j be w(-1). Suppose -3*o - 9 = -j*o. What is the units digit of (-20)/(-3)*o/(-2)?
0
Suppose 7*z + 2*s - 95 = 4*z, -s = 2. Suppose -f - 3 = -z. What is the tens digit of f?
3
Let g = -1 + 35. Suppose -3*x - 2*n - 25 = 0, -5*x - g = n - 4. What is the units digit of (-5)/(-2)*(-8)/x?
4
Let r(k) = -k**2 - 4*k - 2. Let i be r(-4). Let d be (3/i)/((-12)/(-16)). What is the units digit of 15*(d + 12/5)?
6
Let j = 13 + -21. Let k = -1 - j. What is the units digit of k?
7
Suppose -2*q + 108 = 2*p, -p + 34 = -4*q - 5. What is the tens digit of p?
5
Let y(q) = -q + 11. Let f be y(6). Let w be (-6)/f*(-60)/8. Let d = w + -2. What is the units digit of d?
7
What is the units digit of 2/20 + 24282/180?
5
Let i(q) = q - 2. Let h be i(5). Let j be (h - 1)/(1/8). Suppose -2*n + p = -j, 4*n - p = -3*p + 40. What is the units digit of n?
9
Let j(a) = 5*a - 2. Suppose -3 - 5 = -4*o. What is the units digit of j(o)?
8
Suppose -k + 142 = -5*u, -3*u - 77 = -k + 55. What is the tens digit of k?
1
Suppose 4*h - 2*h = 10. Let c(a) be the third derivative of -a**5/60 + 7*a**4/24 - a**3/3 + 2*a**2. What is the units digit of c(h)?
8
Let f(u) = u**2 + 2*u + 17. What is the hundreds digit of f(-12)?
1
Let j(s) be the third derivative of s**6/60 - s**5/20 - s**4/8 - 2*s**2. What is the tens digit of j(3)?
1
Let o(w) = 6*w**2 - w. Let q be o(1). Suppose -8 = -q*c + 22. What is the units digit of c?
6
Let p be (2/(-5))/(2/(-10)). Suppose -g + p*c = -30, -4*c + c = 5*g - 215. Suppose 0 = -2*n - 0*n + 5*v + g, -5*n + 42 = 2*v. What is the units digit of n?
0
Suppose 2*x - 113 = -u, -u + 4*u = -4*x + 331. What is the tens digit of u?
0
Let f be (1 - 2/(-4))*2. Suppose -2*a = n + f*n - 52, 0 = -3*a + 2*n + 70. What is the units digit of a?
4
Let z = 5 + 0. Let y(k) = 3*k**2 - 7*k + 4. Let s(i) = 6*i**2 - 15*i + 8. Let f(b) = z*y(b) - 2*s(b). What is the units digit of f(3)?
6
Let v = -3 + 3. Suppose -4*t = -5*h - v*t + 35, -4*h + 28 = -4*t. What is the units digit of h?
7
Let p(j) = 2 - 24*j + 0 - 1. Let w be p(1). Let v = w - -34. What is the units digit of v?
1
Suppose -2*c + 97 + 15 = 0. What is the tens digit of c?
5
Let a be (-10)/(-4) - (-7)/(-14). Let w be (-54)/(-12) + a/4. What is the units digit of w*(-2 - (-4 - 1))?
5
Suppose 4*k + 654 = 10*k. What is the units digit of k?
9
Let q(u) = 15*u**2 + 1. Let f be q(1). Suppose -g + f = 2*r, -r + 10 = g - 1. What is the units digit of g?
6
Suppose -2 = -2*z + 3*z. What is the units digit of (-12)/(-8) + z/4?
1
Suppose 6 = -2*i, -8*i + 3*i = 5*k - 970. What is the hundreds digit of k?
1
Let q = 24 - 3. Let b = 44 - q. What is the tens digit of b?
2
Let g = -45 + 82. What is the units digit of g?
7
Let i(z) = z**3 - 7*z**2 + 7*z - 8. Let b be i(6). Let u be b/((-2 - -1) + 2). What is the units digit of u/6 + 50/6?
8
Suppose 3*m - m = 10. Suppose 5*b - m*w - 35 = 0, -4*b = -3*b - 5*w + 1. What is the units digit of b?
9
Let a = 14 + 44. Suppose -4*k + 1 = -5*i, 0*i - 19 = -5*i - k. Suppose -3*z + a = -2*d - i*d, -24 = -4*z - 4*d. What is the tens digit of z?
1
What is the tens digit of 1/(1 + (-106)/107)?
0
Let k(j) = -j**2 + 3*j - 2. Let z be k(3). What is the units digit of 3 + -1 + 1 + z?
1
Suppose v = -a + 241, -3*v + 0*v = 4*a - 727. What is the units digit of v?
7
Suppose -j - 5*x + 267 = 0, -2*x + 4 = -2. What is the units digit of j?
2
Suppose -597 + 1677 = 4*b. What is the units digit of b?
0
Suppose o - 8 = -3*o. Suppose 5*k - 2*p - 25 = 0, 2*p = 2*k - o - 2. What is the units digit of k?
7
Let s(m) = m**3 + 9*m**2 + 8*m + 9. What is the tens digit of s(-7)?
5
Suppose 0 = -4*u - 5*o + 179, 46 = 5*u + o - 204. Suppose -3*g - j = -u, -5*g + 5*j + 2 = -103. What is the units digit of g?
8
Suppose -9 = -4*w + n, 6 = -w + 2*w - 4*n. Suppose -4*y - w = -5*z, 4*z = -2*y + 12 - 0. What is the units digit of 5/y + 2/(-4)?
2
Let j(n) = n**3 + n**2 + n. Let i(l) = -7*l**3 - 12*l**2 - 2*l - 7. Let t(x